(t) = t**3 - 14*t**2 - 105*t + 190. Calculate l(19).
0
Let i(c) = 2*c**3 - 21*c**2 + 41*c - 54. Calculate i(9).
72
Let p(k) = -10*k**2 - 356*k + 137. What is p(-36)?
-7
Let c(s) = 4*s**2 - 193*s - 11644. What is c(-35)?
11
Let p(m) = 5*m**2 - 214*m + 147. Determine p(42).
-21
Let j(s) = 3*s**3 + 54*s**2 - 123*s - 54. Calculate j(-20).
6
Let x(p) = 5*p**2 - 26*p + 4. Calculate x(5).
-1
Let v(a) = 2*a**3 + 31*a**2 + 97*a - 122. Give v(-10).
8
Let n(c) = 86*c + 576. Give n(-7).
-26
Let v(l) = 2*l**3 + 2*l**2 - 2*l + 8. What is v(-5)?
-182
Let i(b) = -4*b**3 - 8*b**2 - 33*b - 96. Determine i(-4).
164
Let p(f) = 1322*f + 47596. Calculate p(-36).
4
Let m(u) = -256*u + 28851. Calculate m(113).
-77
Let n(k) = 17*k**3 + 204*k**2 + 39*k + 9. Determine n(-12).
-459
Let r(s) = s**3 - 5*s**2 + 92*s - 576. Determine r(6).
12
Let s(i) = 6*i**3 + 19*i**2 + i + 11. Determine s(0).
11
Let a(p) = p**3 - 2*p**2 - 45*p + 239. Determine a(6).
113
Let o(x) = -x**3 + 6*x**2 + 7*x + 20. Give o(4).
80
Let j(c) = -c**3 + 4*c**2 + 5*c + 15. What is j(5)?
15
Let x(l) = 36*l + 1240. What is x(-34)?
16
Let b(q) = -726*q - 7638. Determine b(-10).
-378
Let g(c) = c**3 + 14*c**2 + 90*c + 629. Determine g(-11).
2
Let f(v) = -12*v**3 + 7*v**2 + 5*v + 5. Calculate f(-3).
377
Let m(y) = y - 31. Calculate m(-9).
-40
Let p(w) = -2*w**3 + 34*w**2 - 24*w + 77. Give p(16).
205
Let x(b) = 227*b + 67. What is x(3)?
748
Let a(f) = 113*f + 1014. Give a(-9).
-3
Let j(n) = -n**3 - 20*n**2 - 81*n - 500. Calculate j(-16).
-228
Let t(o) = -4*o**2 - o + 3. What is t(-1)?
0
Let m(t) = 3*t**3 + 2*t**2 + 146*t - 147. Calculate m(1).
4
Let o(d) = -3*d**2 - 56*d + 456. Give o(6).
12
Let f(b) = -b**2 - 58*b + 396. Determine f(-64).
12
Let h(u) = -u**3 + 81*u**2 - 1526*u - 207. Calculate h(51).
-3
Let q(i) = -i**2 - 603*i + 20317. What is q(32)?
-3
Let j(t) = 32*t**2 + 20*t - 1. Calculate j(1).
51
Let j(t) = -102*t - 513. Calculate j(-5).
-3
Let f(w) = w**3 + 2*w**2 - 144*w - 3. Determine f(11).
-14
Let a(y) = -9*y**2 + 275*y + 102. What is a(31)?
-22
Let g(n) = -3*n**2 - 421*n - 196. Determine g(-140).
-56
Let q(r) = -126*r**2 - 4*r - 4. Calculate q(-2).
-500
Let a(k) = -k**3 + 290*k + 7. What is a(17)?
24
Let y(n) = -n**3 - 19*n + 21. What is y(5)?
-199
Let d(b) = 2074*b + 55999. Give d(-27).
1
Let z(b) = 2*b**3 - 17*b**2 + 7*b + 11. What is z(9)?
155
Let q(y) = 53*y + 5211. Determine q(-98).
17
Let u(p) = p**3 - 24*p**2 + 42*p - 78. Calculate u(22).
-122
Let i(b) = b**2 - 57*b + 117. Give i(56).
61
Let c(n) = 9*n + 361. Give c(-43).
-26
Let o(k) = 7*k + 36. Give o(11).
113
Let v(t) = -t**2 + 4*t + 45. Give v(13).
-72
Let k(a) = a**2 - 28*a - 1554. What is k(-28)?
14
Let s(t) = t**3 + 30*t**2 - 452*t - 63. Calculate s(-41).
-22
Let s(z) = -3*z - 315. Calculate s(-108).
9
Let b(k) = k**2 + 29*k + 24. Calculate b(-8).
-144
Let w(r) = r**2 - 4*r - 69. Determine w(9).
-24
Let m(u) = -112*u**2 + 335*u + 6. Give m(3).
3
Let p(s) = -42*s - 56. Calculate p(-6).
196
Let l(p) = -p**3 - 68*p**2 + 66*p - 172. What is l(-69)?
35
Let j(l) = -5*l**3 + 229*l**2 - 969*l - 605. Give j(41).
10
Let j(l) = -3*l**3 + 812*l**2 - 1348*l + 803. Give j(269).
-4
Let y(s) = -3*s**2 + 1234*s + 15252. Calculate y(-12).
12
Let u(a) = -6*a + 151. What is u(21)?
25
Let o(c) = 3*c**2 - 38*c + 14. Determine o(7).
-105
Let w(c) = 215*c + 552. Calculate w(-2).
122
Let q(b) = 65*b - 1171. Determine q(16).
-131
Let k(x) = x**3 - 61*x**2 + 64*x - 249. What is k(60)?
-9
Let g(d) = -d**3 + 25*d**2 - 44*d - 12. Determine g(23).
34
Let b(y) = 22*y + 355. What is b(-8)?
179
Let v(r) = r**3 + 4*r**2 - 53*r + 69. Determine v(-10).
-1
Let p(x) = x**2 + 54*x + 638. What is p(-18)?
-10
Let h(x) = -5*x**3 - 2*x**2 - 10*x - 8. Calculate h(-3).
139
Let a(d) = 735*d**2 - 4*d - 1. What is a(1)?
730
Let p(q) = 115*q + 3896. Determine p(-34).
-14
Let x(y) = -5377*y + 80651. Determine x(15).
-4
Let i(d) = -d**2 - 18*d + 14. Give i(-15).
59
Let q(v) = -1743*v - 83672. Give q(-48).
-8
Let k(d) = -d**3 - 13*d**2 + 33*d + 48. Calculate k(-15).
3
Let o(x) = -x**3 + 3*x**2 - 79*x + 327. Give o(4).
-5
Let o(i) = 3*i**3 - 40*i**2 + 106*i - 41. What is o(10)?
19
Let s(b) = -13615*b + 81669. Determine s(6).
-21
Let f(p) = -p**3 + 2*p**2 + 28. Calculate f(5).
-47
Let f(q) = -6*q - 255. Give f(5).
-285
Let s(n) = -n**3 - 59*n**2 - 489*n + 7. Calculate s(-10).
-3
Let x(l) = -l**3 + 10*l**2 + 9*l - 27. What is x(11)?
-49
Let x(q) = q**3 - 73*q**2 + 10*q + 32. Determine x(73).
762
Let o(k) = k**2 - 2574*k + 7710. What is o(3)?
-3
Let b(w) = -w**2 + 102*w - 2467. What is b(41)?
34
Let r(p) = p**2 + 18*p - 1292. What is r(-46)?
-4
Let z(x) = x**2 + 169*x - 1472. Determine z(8).
-56
Let x(r) = 4*r**2 + 28*r - 18. What is x(-7)?
-18
Let d(c) = 2*c**2 + 32*c + 78. What is d(-13)?
0
Let c(v) = 9*v**2 - 168*v + 779. Determine c(10).
-1
Let m(b) = -4*b**3 - b**2 + 11*b + 24. Determine m(-3).
90
Let r(t) = 51*t**2 + 9. What is r(-2)?
213
Let v(w) = w**3 - 26*w**2 - 50*w + 104. Determine v(-3).
-7
Let v(y) = -2*y**2 + 61*y + 80. Determine v(32).
-16
Let l(q) = q**3 + 20*q**2 + 18*q - 3. Determine l(-19).
16
Let i(p) = 3*p**3 - 20*p**2 - 10*p + 17. Determine i(7).
-4
Let h(z) = -2*z**2 - 14*z + 34. Give h(-17).
-306
Let x(k) = k**2 + 258*k - 3032. What is x(11)?
-73
Let s(q) = -q**3 + 26*q**2 - 7*q + 193. What is s(26)?
11
Let l(q) = q**3 - 73*q**2 + 213*q - 238. What is l(70)?
-28
Let a(u) = -184*u**2 + 112*u - 113. Determine a(1).
-185
Let c(y) = 10*y**2 - 5*y - 2. Calculate c(1).
3
Let f(a) = a**3 + 2*a**2 - 11. What is f(-5)?
-86
Let c(p) = 2*p**3 - 38*p**2 + 4*p + 20. Give c(19).
96
Let r(y) = 2*y**3 - 44*y**2 + 51*y - 181. Give r(21).
8
Let a(m) = -m**3 - m + 59. Give a(4).
-9
Let j(y) = 2*y**2 - 18*y - 50. Determine j(8).
-66
Let l(y) = 24*y**2 - 144*y + 4. What is l(6)?
4
Let y(a) = -50*a + 909. Calculate y(18).
9
Let v(n) = -n**3 - n**2 + 66*n. What is v(-8)?
-80
Let d(l) = -451*l + 3. Give d(0).
3
Let k(c) = 465*c - 5471. What is k(12)?
109
Let r(g) = -g**2 + 10*g + 55. Calculate r(16).
-41
Let y(v) = -v**2 - 22*v + 22. Determine y(-25).
-53
Let a(d) = -d**2 - 525*d - 42815. Calculate a(-101).
9
Let o(p) = 2*p + 18. Determine o(-8).
2
Let r(n) = -217*n + 116. Determine r(-2).
550
Let h(l) = -l**3 + 14*l**2 + 34*l - 612. Calculate h(13).
-1
Let y(f) = -4*f**3 + 151*f**2 + 49*f - 397. Calculate y(38).
21
Let b(j) = -3*j**3 + 38*j**2 + 18*j - 44. Determine b(13).
21
Let p(l) = 2*l**3 - 21*l**2 - 21*l + 145. Calculate p(11).
35
Let l(f) = -2*f**3 + 11*f**2 - f - 9. Give l(6).
-51
Let f(v) = -12*v**2 + 187*v + 120. Determine f(16).
40
Let i(n) = n**3 + 94*n**2 - 250*n - 14721. Give i(-95).
4
Let z(x) = -15*x + 198. Give z(17).
-57
Let a(m) = -m**2 - 21*m - 90. Calculate a(-5).
-10
Let f(l) = l**2 - 19*l + 16. What is f(9)?
-74
Let i(m) = -36*m - 158. Determine i(-5).
22
Let z(h) = 182*h + 3063. Give z(-17).
-31
Let t(u) = 5*u**2 + 1494*u + 11629. What is t(-8)?
-3
Let f(o) = 5*o**3 + 59*o**2 + 147. What is f(-12)?
3
Let k(u) = 377*u + 2640. Calculate k(-7).
1
Let r(i) = -18*i - 737. Calculate r(-42).
19
Let q(r) = -r**3 + 71*r**2 + 2397*r + 277. Calculate q(96).
-11
Let c(i) = -233*i - 1157. Determine c(-5).
8
Let j(g) = 3*g**3 - 30*g**2 - 2. Give j(10).
-2
Let s(x) = 2*x**2 + 92*x - 2298. What is s(18)?
6
Let d(y) = y**2 - 6*y + 83. Calculate d(9).
110
Let t(l) = -l**2 - 18*l - 78. Determine t(-20).
-118
Let s(g) = -g**3 + g**2 - 3*g + 25. Calculate s(0).
25
Let i(q) = -112*q + 60. Determine i(1).
-52
Let l(t) = 15*t - 959. What is l(64)?
1
Let d(j) = 2*j**2 - 597*j - 31307. Calculate d(344).
-3
Let u(g) = -22*g + 855. Calculate u(33).
129
Let z(c) = 3236*c + 6453. Calculate z(-2).
-19
Let y(q) = q**3 + 51*q**2 + 97*q - 55. Determine y(-49).
-6
Let v(u) = u**2 + 186*u - 948. Calculate v(5).
7
Let j(m) = 91*m + 980. What is j(-11)?
-21
Let v(g) = 8*g + 165. What is v(45)?
525
Let v(t) = -19*t**2 - 32*t - 23. Calculate v(-1).
-10
Let r(h) = -863*h - 7766. Calculate r(-9).
1
Let u(n) = n**2 - 2*n - 135. Calculate u(12).
-15
Let q(b) = 109*b - 6316. Calculate q(58).
6
Let n(j) = 914*j - 42955. Determine n(47).
3
Let d(z) = 106*z**2 - 950*z + 13. What is d(9)?
49
Let p(h) = -h**2 + 64*h - 937. Calculate p(34).
83
Let g(y) = 129*y - 430. Calculate g(4).
86
Let z(n) = 14*n**2 + 